
1
Let f(p) = p**2 - 10*p + 13. Let m be f(6). Let x = 33 + m. Calculate the remainder when x is divided by 7.
1
Let m = 16 - 15. Let s be 3/(-1) - 66*m. Let f = s + 117. What is the remainder when f is divided by 17?
14
Let f(d) = -137*d + 1121. What is the remainder when 64 is divided by f(8)?
14
Let x(n) = -2*n**2 + n. Let z be x(1). Let a = 49 + -27. What is the remainder when a*(z + (-10)/(-4)) is divided by 9?
6
Suppose -c = 2, -5*x + 9*x + 2*c - 260 = 0. What is the remainder when x is divided by 25?
16
Let w(y) = 12*y + 6. Calculate the remainder when w(3) is divided by -2 + 5/(5/24).
20
Let y(m) = 6*m**2 - 30*m + 99. Suppose 2*c - 5*z - 59 = 0, -z - 35 = -2*c + 28. What is the remainder when y(3) is divided by c?
31
Let u(r) = 9*r**2 - 14*r + 38. Let s be u(5). Suppose 53 - s = -m. What is the remainder when m is divided by 36?
32
Let i(x) = -2*x**3 + 4*x + 1148. What is the remainder when i(0) is divided by 25?
23
Let j(z) = z**3 + z**2. Suppose 2*y = 5 - 1. Let d = -53 - -98. Calculate the remainder when d is divided by j(y).
9
Suppose 12*x = 6*x + 3354. Calculate the remainder when x is divided by 35.
34
Let b(o) = o**2 + 3*o - 6. Suppose 9*n = 11*n + 4. Calculate the remainder when b(-7) is divided by (-18)/n + (13 - 10).
10
Let b = -796 + 814. What is the remainder when 150 is divided by b?
6
Let x be 7 + (-3)/(-3) + 3. Suppose 0 = 8*j - 397 - x. What is the remainder when j is divided by 18?
15
Suppose 50*g = 48*g + 188. Let m(q) = 2*q - 4. Calculate the remainder when g is divided by m(8).
10
Suppose 4*g = 411 - 11. Calculate the remainder when g is divided by 26.
22
Suppose 0*g - 2*i = -4*g + 80, -4*g + 4*i + 88 = 0. What is the remainder when 178 is divided by g?
16
Suppose 408 = 38*n - 32*n. What is the remainder when 337 is divided by n?
65
Let q = -6668 + 2419. What is the remainder when (-4)/(196/q) - 4/(-14) is divided by 22?
21
Let o be (12/8 - 1)*0. Let w = 5 - o. Calculate the remainder when 15 - (3 + 1)/2 is divided by w.
3
Suppose -3*g + 257 + 67 = 4*o, 0 = -4*g + o + 413. Calculate the remainder when g is divided by 13.
0
Let j = -13 + 18. Calculate the remainder when 340 is divided by j.
0
Let l = 18 - 4. What is the remainder when 52 is divided by l*(-12)/(-8) - 2?
14
Suppose -90 = -k - 52. What is the remainder when 225 is divided by k?
35
What is the remainder when 1242/10 - ((-16)/(-40))/2 is divided by 32?
28
Let v be 5/15*21 + -1. Suppose v*h + 2*h = 88. Let l = -28 + 47. Calculate the remainder when l is divided by h.
8
Let g = 39 + -33. Suppose g*c = 5*c + 10. Suppose 1 = 3*y + 4*l, -l = 5*y + l - 11. Calculate the remainder when c is divided by y.
1
Let n = -9 - -6. Let z be (0*(-3)/(-12))/n. Suppose z = 3*j - 4*j + 3. What is the remainder when 4 is divided by j?
1
Let i be -2*12/(-8) + 4. Suppose 0 = -m + 4*z - 1, 5*z - 93 = -3*m - 11. What is the remainder when m is divided by 10/(-6)*(4 - i)?
4
Let t(m) = -12*m - 30 - 14*m**2 + m**3 - 18 + 15. Suppose -5*p + 2 = -18. Calculate the remainder when t(15) is divided by p.
0
Let o = 18 - -34. Let z be (84/(-10))/(39/(-130)). Let l = o - z. Calculate the remainder when 69 is divided by l.
21
Suppose 3 - 20 = -5*c - 4*y, -y - 2 = 0. Suppose 3*p = -3*o + 2*p + 25, -c*o - 4*p = -30. What is the remainder when 14 is divided by o?
4
Suppose -c + 6 = 3*v - 1, 0 = -3*v - 3. Suppose 0 = -98*j - 930 + 5438. Calculate the remainder when j is divided by c.
6
Let j be (-7 - -5)/(1/(-19)). Suppose -3*c + j = 20. Calculate the remainder when 20 is divided by c.
2
Let g = -70 - -116. Let h(z) = z**2 - 9*z - 145. What is the remainder when g is divided by h(-9)?
12
Let s = -78 + -23. Let g = 235 + s. Let k = -52 + 86. What is the remainder when g is divided by k?
32
Let l be ((-16)/72)/((-2)/18). Suppose l*r - p = 3*r - 55, 0 = 5*r + p - 255. Let q(i) = 18*i**2 - 2*i + 1. Calculate the remainder when r is divided by q(1).
16
Let p(j) = 15*j + 172. What is the remainder when 78 is divided by p(-10)?
12
Let f = -1396 + 1444. Calculate the remainder when f is divided by 15.
3
Let p(y) = 8*y + 5*y - 4*y**2 - 4*y + 14 + 3*y**2. Calculate the remainder when p(8) is divided by 6.
4
Let o(d) = d**3 + 11*d**2 - 48*d + 5. Calculate the remainder when o(-14) is divided by 55.
34
Let v = 5 - 13. Let f(r) = -r**3 - 6*r**2 + 7*r - 11. Let y(l) = -16*l. What is the remainder when f(v) is divided by y(-1)?
13
What is the remainder when (140/8)/(-7)*(-121 - -7) is divided by 4?
1
Let q(g) = -2*g**3 - 2*g**2 - 5*g - 8. What is the remainder when 53 is divided by q(-2)?
3
Suppose -6*u + 11*u = 990. Calculate the remainder when u is divided by 20.
18
Suppose -d - 1 = 0, 0 = -2*b + 3*b - 4*d - 39. Calculate the remainder when b is divided by 75/24 + -3 + (20540/160)/13.
5
Let q(n) = -n**2 + 7*n - 5. Let d be q(5). Suppose -d*a + 28 = -22. Let p(t) = -t**3 - t**2 + t + 3. Calculate the remainder when a is divided by p(0).
1
Suppose -u + 4 = -0*u + 4*n, 2*n = -3*u - 8. Let p be ((-9)/u)/(1/4). Let l(g) = g + 8. What is the remainder when l(p) is divided by 11?
6
Suppose -b - 4*b + 715 = 0. Suppose -c - b + 0 = -3*u, -4*c = -2*u + 82. Suppose t - 4*j = -9*j + 13, 0 = 4*j. What is the remainder when u is divided by t?
10
Suppose 0 = 3*z - 5*v - 452, 0*v - v = 3*z - 482. Let g(h) = -8*h - 1. What is the remainder when z is divided by g(-3)?
21
Suppose 2*j + 5*g + 17 = 0, -4*j - j - 29 = -g. Calculate the remainder when 2/4*j - -33 is divided by 11.
8
Let d be 3/(27/(-790)) + 18/(-81). Let x = -74 - d. Calculate the remainder when 39 is divided by x.
11
Let h be 2/8*0 - -2. Suppose n + h*y = 4*y + 13, -3*n + 4*y + 31 = 0. Calculate the remainder when 45 is divided by ((-4)/n)/((-11)/220).
13
Let z(p) = 75*p + 1. Let v be z(1). Suppose -h = h - v. Calculate the remainder when 149 is divided by h.
35
Let n(a) = -a**3 + 4*a**2 - 3*a. Let d be n(2). Suppose -y + 0 = d*g - 6, 5*y = g - 25. Suppose 5*s = -0*s + 85. What is the remainder when s is divided by g?
2
Let k(v) = 12*v**2 - 3*v - 3*v**2 + v**3 - 1 + 7 + 0. What is the remainder when k(-9) is divided by 19?
14
Let q be (1*(-48)/(-9))/((-2)/6). Let f(o) = o + 33. Calculate the remainder when f(q) is divided by 4.
1
Let i(g) = -7*g + 27. Suppose 2*r = 8 + 2. What is the remainder when i(0) is divided by r?
2
Let z(o) = -o**3 + 8*o**2 - 8*o + 35. What is the remainder when z(7) is divided by 6?
4
Suppose c - 15*z + 14*z = 10, -5*c + z = -70. What is the remainder when 208 is divided by c?
13
Suppose -3*a + 0*a + 12 = 0. Suppose t + 9 = 5*o - a, 4*t - 17 = -3*o. Suppose -4*w = -7*w + 12. Calculate the remainder when w is divided by o.
1
Let i(v) = 2*v - 8. Let l be i(4). Let f be (l - 3/12)*-4. What is the remainder when 34 is divided by f - 16/6*-3?
7
Let h(z) = z**2 + 13*z - 31. What is the remainder when 317 is divided by h(-16)?
11
Suppose -10*g + 11*g = 35. Suppose -h - 4*h + g = 4*i, 2*h - 5 = -i. Calculate the remainder when i is divided by 9.
6
Suppose -3*k - 51 = -3*p, -10 = 5*p - 3*k - 101. Let q be (16 - -2)*6/9. Suppose q + 0 = 2*w. What is the remainder when p is divided by w?
2
Let w(i) = -2*i**3 - 8*i**2 + i + 9. Calculate the remainder when w(-5) is divided by 8.
6
Let c = -39 + 58. Let k = c + 0. Let x = 154 + -144. What is the remainder when k is divided by x?
9
Let k = 0 + 24. Calculate the remainder when k is divided by (-27)/(-18)*4/(-6)*-13.
11
Let p(s) = -s**2 - 15*s - 5. Suppose 0 = -7*h + 46 + 143. What is the remainder when p(-8) is divided by h?
24
Let u(m) = -34*m + 414. What is the remainder when 163 is divided by u(11)?
3
What is the remainder when -8*(2/14 - 1729/98) is divided by 53?
34
Suppose -66 = 7*v - 332. What is the remainder when 303 is divided by v?
37
Let q(r) = 11*r**2 + 19*r + 15. Calculate the remainder when 166 is divided by q(-3).
52
Let k(v) = -8*v**2 - 4*v - 5. Let p be k(-5). What is the remainder when 6/3*p/(-10) is divided by 0 + 1 - 1 - -10?
7
Let q be ((-520)/12 - 5)/((-1)/3). Let r = 232 - q. What is the remainder when r is divided by 10?
7
Let f(l) = -27*l - 28. What is the remainder when f(-4) is divided by 30?
20
Let k = 76 + -72. Suppose 3*i - c = 60, 2*c = -2*i + 42 + 6. Calculate the remainder when 2/k - (-462)/12 is divided by i.
18
Let l(q) = 12*q**2 - 5*q + 6*q**2 - q**3 - 19 - 8*q**